{"id":16,"date":"2020-11-13T15:04:27","date_gmt":"2020-11-13T15:04:27","guid":{"rendered":"https:\/\/sohram.com\/kurum\/?page_id=16"},"modified":"2026-04-05T09:28:05","modified_gmt":"2026-04-05T09:28:05","slug":"contact","status":"publish","type":"page","link":"https:\/\/sohram.com\/kurum\/contact\/","title":{"rendered":"Kontakt"},"content":{"rendered":"\n<p>\u0130\u015fkence ve \u015eiddet Ma\u011fdurlar\u0131 i\u00e7in Sosyal Yard\u0131mla\u015fma Rehabilitasyon ve Adaptasyon Merkezi Derne\u011fi<\/p>\n\n\n\n<p>Kurt \u0130smail pasa 1. sokak Tav\u015fanl\u0131 apartman\u0131 kat: 4 no:10-11\u00a0 Ofis \/Diyarbak\u0131r\/Turquie<\/p>\n\n\n\n<p>Tel: 00 90 412 224 44 77 &#8211; 0090 532 3545 34 42                            Email\u00a0:\u00a0<a rel=\"noreferrer noopener\" href=\"mailto:sohram@hotmail.com\" target=\"_blank\">sohramder@gmail.com<\/a><\/p>\n","protected":false},"excerpt":{"rendered":"<p>\u0130\u015fkence ve \u015eiddet Ma\u011fdurlar\u0131 i\u00e7in Sosyal Yard\u0131mla\u015fma Rehabilitasyon ve Adaptasyon Merkezi Derne\u011fi Kurt \u0130smail pasa 1. sokak Tav\u015fanl\u0131 apartman\u0131 kat: 4 no:10-11\u00a0 Ofis \/Diyarbak\u0131r\/Turquie Tel: 00 90 412 224 44 77 &#8211; 0090 532 3545 34 42 Email\u00a0:\u00a0sohramder@gmail.com<\/p>\n","protected":false},"author":1,"featured_media":0,"parent":0,"menu_order":0,"comment_status":"closed","ping_status":"closed","template":"","meta":[],"_links":{"self":[{"href":"https:\/\/sohram.com\/kurum\/wp-json\/wp\/v2\/pages\/16"}],"collection":[{"href":"https:\/\/sohram.com\/kurum\/wp-json\/wp\/v2\/pages"}],"about":[{"href":"https:\/\/sohram.com\/kurum\/wp-json\/wp\/v2\/types\/page"}],"author":[{"embeddable":true,"href":"https:\/\/sohram.com\/kurum\/wp-json\/wp\/v2\/users\/1"}],"replies":[{"embeddable":true,"href":"https:\/\/sohram.com\/kurum\/wp-json\/wp\/v2\/comments?post=16"}],"version-history":[{"count":3,"href":"https:\/\/sohram.com\/kurum\/wp-json\/wp\/v2\/pages\/16\/revisions"}],"predecessor-version":[{"id":461,"href":"https:\/\/sohram.com\/kurum\/wp-json\/wp\/v2\/pages\/16\/revisions\/461"}],"wp:attachment":[{"href":"https:\/\/sohram.com\/kurum\/wp-json\/wp\/v2\/media?parent=16"}],"curies":[{"name":"wp","href":"https:\/\/api.w.org\/{rel}","templated":true}]}}